 when 19486 is divided by 1771.
5
Calculate the remainder when 32551 is divided by 10848.
7
What is the remainder when 11675 is divided by 5630?
415
Calculate the remainder when 78088 is divided by 411.
409
Calculate the remainder when 348 is divided by 182.
166
Calculate the remainder when 113554 is divided by 205.
189
Calculate the remainder when 94347 is divided by 2196.
2115
Calculate the remainder when 34343 is divided by 69.
50
Calculate the remainder when 11777 is divided by 1185.
1112
What is the remainder when 2116078 is divided by 80?
78
What is the remainder when 73362 is divided by 73359?
3
Calculate the remainder when 2868 is divided by 1433.
2
Calculate the remainder when 17425 is divided by 5799.
28
What is the remainder when 6061 is divided by 89?
9
Calculate the remainder when 855293 is divided by 37.
1
Calculate the remainder when 1670 is divided by 115.
60
Calculate the remainder when 7417 is divided by 7332.
85
What is the remainder when 8641 is divided by 393?
388
What is the remainder when 3061 is divided by 46?
25
Calculate the remainder when 582200 is divided by 265.
260
What is the remainder when 13138 is divided by 124?
118
What is the remainder when 1551 is divided by 286?
121
Calculate the remainder when 74493 is divided by 119.
118
What is the remainder when 73437 is divided by 270?
267
What is the remainder when 718 is divided by 598?
120
Calculate the remainder when 254379 is divided by 395.
394
Calculate the remainder when 12590 is divided by 227.
105
Calculate the remainder when 4557 is divided by 142.
13
What is the remainder when 30365 is divided by 255?
20
What is the remainder when 28344 is divided by 7084?
8
Calculate the remainder when 1648 is divided by 11.
9
Calculate the remainder when 198 is divided by 66.
0
What is the remainder when 730 is divided by 508?
222
What is the remainder when 88456 is divided by 636?
52
What is the remainder when 140291 is divided by 19?
14
What is the remainder when 5441 is divided by 2711?
19
Calculate the remainder when 5881 is divided by 151.
143
What is the remainder when 1997319 is divided by 998656?
7
Calculate the remainder when 1141 is divided by 62.
25
What is the remainder when 129385 is divided by 51?
49
Calculate the remainder when 11397 is divided by 1896.
21
What is the remainder when 307508 is divided by 76869?
32
What is the remainder when 138819 is divided by 46230?
129
What is the remainder when 1301 is divided by 665?
636
What is the remainder when 2382 is divided by 1175?
32
What is the remainder when 46750 is divided by 15?
10
Calculate the remainder when 8151 is divided by 123.
33
What is the remainder when 30226 is divided by 350?
126
What is the remainder when 27921 is divided by 203?
110
What is the remainder when 5916 is divided by 137?
25
What is the remainder when 60166 is divided by 169?
2
What is the remainder when 793480 is divided by 911?
910
What is the remainder when 16045 is divided by 617?
3
What is the remainder when 15248 is divided by 471?
176
Calculate the remainder when 5583 is divided by 204.
75
Calculate the remainder when 277 is divided by 140.
137
What is the remainder when 2027 is divided by 655?
62
What is the remainder when 7788 is divided by 1990?
1818
What is the remainder when 4842 is divided by 1449?
495
Calculate the remainder when 6286 is divided by 2089.
19
Calculate the remainder when 7123 is divided by 998.
137
What is the remainder when 9415 is divided by 355?
185
What is the remainder when 205317 is divided by 60?
57
What is the remainder when 17281 is divided by 5759?
4
Calculate the remainder when 6932 is divided by 33.
2
What is the remainder when 350571 is divided by 119?
116
What is the remainder when 1942337 is divided by 485583?
5
What is the remainder when 179842 is divided by 261?
13
Calculate the remainder when 466466 is divided by 45.
41
Calculate the remainder when 257 is divided by 140.
117
Calculate the remainder when 40952 is divided by 3149.
15
Calculate the remainder when 5681 is divided by 644.
529
Calculate the remainder when 622641 is divided by 97.
95
What is the remainder when 28766 is divided by 27?
11
Calculate the remainder when 190318 is divided by 14632.
102
What is the remainder when 44165 is divided by 25?
15
What is the remainder when 6171 is divided by 23?
7
Calculate the remainder when 10983 is divided by 12.
3
Calculate the remainder when 2081 is divided by 128.
33
What is the remainder when 47922 is divided by 373?
178
Calculate the remainder when 21730 is divided by 130.
20
What is the remainder when 10592 is divided by 65?
62
What is the remainder when 3275 is divided by 1091?
2
What is the remainder when 1741 is divided by 14?
5
Calculate the remainder when 5594 is divided by 460.
74
What is the remainder when 157498 is divided by 31492?
38
What is the remainder when 10547 is divided by 194?
71
What is the remainder when 1296 is divided by 895?
401
Calculate the remainder when 358164 is divided by 18850.
14
What is the remainder when 3502558 is divided by 96?
94
What is the remainder when 10708 is divided by 2677?
0
Calculate the remainder when 2210 is divided by 1094.
22
What is the remainder when 87191 is divided by 15?
11
Calculate the remainder when 30175 is divided by 267.
4
What is the remainder when 436309 is divided by 23?
22
Calculate the remainder when 506642 is divided by 42219.
14
What is the remainder when 55325 is divided by 350?
25
What is the remainder when 2784 is divided by 41?
37
What is the remainder when 1349 is divided by 571?
207
Calculate the remainder when 282006 is divided by 273.
270
Calculate the remainder when 1661 is divided by 827.
7
What is the remainder when 3716634 is divided by 242?
240
Calculate the remainder when 136473 is divided by 204.
201
What is the remainder when 12574 is divided by 8?
6
What is the remainder when 85093 is divided by 44?
41
Calculate the remainder when 106476 is divided by 29.
17
Calculate the remainder when 35967 is divided by 55.
52
Calculate the remainder when 24218 is divided by 85.
78
What is the remainder when 7134 is divided by 1135?
324
What is the remainder when 14254 is divided by 115?
109
What is the remainder when 174187 is divided by 2?
1
Calculate the remainder when 40716 is divided by 127.
76
Calculate the remainder when 11175917 is divided by 560.
557
Calculate the remainder when 30242 is divided by 465.
17
What is the remainder when 886 is divided by 403?
80
Calculate the remainder when 6315 is divided by 1599.
1518
Calculate the remainder when 19925 is divided by 54.
53
What is the remainder when 21299 is divided by 2364?
23
What is the remainder when 13947 is divided by 4512?
411
Calculate the remainder when 3882 is divided by 276.
18
What is the remainder when 1126095 is divided by 18?
15
Calculate the remainder when 94737 is divided by 17.
13
What is the remainder when 2949 is divided by 135?
114
What is the remainder when 51981 is divided by 2075?
106
Calculate the remainder when 1043 is divided by 333.
44
Calculate the remainder when 256056 is divided by 18.
6
What is the remainder when 3161 is divided by 3106?
55
Calculate the remainder when 2424670 is divided by 16.
14
Calculate the remainder when 1866057 is divided by 126.
123
Calculate the remainder when 207924 is divided by 258.
234
What is the remainder when 338363 is divided by 723?
722
Calculate the remainder when 11063 is divided by 3684.
11
What is the remainder when 5520 is divided by 251?
249
Calculate the remainder when 5659 is divided by 1812.
223
What is the remainder when 1457714 is divided by 14?
6
Calculate the remainder when 8606 is divided by 172.
6
Calculate the remainder when 189090 is divided by 31513.
12
What is the remainder when 1135 is divided by 561?
13
Calculate the remainder when 83627 is divided by 404.
403
What is the remainder when 71542 is divided by 24?
22
What is the remainder when 5260 is divided by 176?
156
What is the remainder when 181356 is divided by 27?
24
Calculate the remainder when 12582 is divided by 196.
38
Calculate the remainder when 9105 is divided by 113.
65
Calculate the remainder when 206183 is divided by 699.
677
Calculate the remainder when 36242 is divided by 18118.
6
Calculate the rem